{"id":786,"date":"2020-04-21T09:53:49","date_gmt":"2020-04-21T09:53:49","guid":{"rendered":"http:\/\/villa-viel.local\/?page_id=786"},"modified":"2020-04-21T09:53:50","modified_gmt":"2020-04-21T09:53:50","slug":"privacy-policy","status":"publish","type":"page","link":"https:\/\/www.villaviel.it\/de\/privacy-policy\/","title":{"rendered":"Privacy Policy"},"content":{"rendered":"\n<p>Questa informativa \u00e8 resa ai sensi del D. lgs. 196\/2003 (\u201cCodice Privacy\u201d) e del Regolamento UE 679\/2016 (\u201cGDPR\u201d) e si applica esclusivamente ai dati raccolti attraverso il sito www.villaviel.it<\/p>\n\n\n\n<div style=\"height:40px\" aria-hidden=\"true\" class=\"wp-block-spacer\"><\/div>\n\n\n\n<h3 class=\"wp-block-heading\">Chi siamo<\/h3>\n\n\n\n<p>L\u2019indirizzo del nostro sito web \u00e8: www.villaviel.it<\/p>\n\n\n\n<p><strong>TITOLARE DEL TRATTAMENTO<\/strong><br>Il titolare del trattamento \u00e8 la persona fisica, l\u2019autorit\u00e0 pubblica,  l\u2019impresa, l\u2019ente pubblico o privato, l\u2019associazione, o altro  organismo, che prende le decisioni sugli scopi e sulle modalit\u00e0 del  trattamento dei dati personali.<br> Il Titolare del Trattamento \u00e8: ??.<\/p>\n\n\n\n<p><strong>CONTATTARE IL TITOLARE DEL TRATTAMENTO<\/strong><br>Per qualsiasi informazione o comunicazione riguardante i tuoi dati puoi scrivere a: <a href=\"mailto:info@villaviel.it\">info@villaviel.it<\/a><\/p>\n\n\n\n<div style=\"height:40px\" aria-hidden=\"true\" class=\"wp-block-spacer\"><\/div>\n\n\n\n<h3 class=\"wp-block-heading\">Quali dati personali raccogliamo<\/h3>\n\n\n\n<p><strong>MODULO DI CONTATTO<\/strong><br>Quando compili un modulo di contatto in questo sito, acconsenti  all\u2019utilizzo dei tuoi dati per rispondere alle richieste di  informazioni, di preventivo, o di qualunque altra natura indicata  dall\u2019intestazione del modulo.<br> Se rifiuti di comunicarli, potrebbe essere impossibile per questo sito  web fornire il Servizio. Nei casi in cui questo alcuni dati sono  indicati come facoltativi, sei libero di astenerti dal comunicare tali  dati, senza che ci\u00f2 abbia alcuna conseguenza sulla disponibilit\u00e0 del  servizio o sulla sua operativit\u00e0.<\/p>\n\n\n\n<p><strong>DATI DI NAVIGAZIONE \u2013 COOKIE<\/strong><br>Quando navighi in internet il dispositivo che utilizzi trasmette una  serie di dati identificativi indispensabili per utilizzare internet.  Questi dati sono utilizzati al solo fine di ricavare informazioni  statistiche anonime sull\u2019uso del sito, per il miglioramento del servizio  e per controllarne il corretto funzionamento e vengono cancellati  subito dopo l\u2019elaborazione. In questa categoria di dati rientrano gli  indirizzi IP o i nomi a dominio dei computer utilizzati dagli utenti che  si connettono al sito, i browser e i parametri del sistema informatico  utilizzato per connettersi al sito.<br> Scopri di pi\u00f9 nella pagina dedicata ai Cookie.<\/p>\n\n\n\n<p><strong>STATISTICHE SULLE VISITE<\/strong><br>Per scopi statistici questo sito web si avvale di Google Analytics.<br> Google Analytics \u00e8 un servizio di analisi web fornito da Google Inc.  (\u201cGoogle\u201d). Google utilizza i dati personali, raccolti in forma anonima  su questo sito, allo scopo di tracciare l\u2019utilizzo di questo Sito Web,  compilare report e condividerli con gli altri servizi sviluppati da  Google.<br> Google potrebbe utilizzare i Dati Personali, raccolti in modo anonima su  questo sito, per contestualizzare e personalizzare gli annunci del  proprio network pubblicitario.<br> Dati Personali raccolti: Cookie e Dati di utilizzo.<br> Luogo del trattamento: USA \u2013 Privacy Policy (<a href=\"https:\/\/policies.google.com\/privacy?hl=it\">https:\/\/policies.google.com\/privacy?hl=it<\/a>)<\/p>\n\n\n\n<p><strong>SOCIAL NETWORK<\/strong><br>Questo tipo di servizi permette di effettuare interazioni con i  social network, o con altre piattaforme esterne, direttamente dalle  pagine di questo Sito Web. Le interazioni e le informazioni acquisite da  questo Sito Web sono in ogni caso soggette alle impostazioni privacy  dell\u2019Utente relative ad ogni social network. Nel caso in cui sia  installato un servizio di interazione con i social network, \u00e8 possibile  che, anche nel caso gli Utenti non utilizzino il servizio, lo stesso  raccolga dati di traffico relativi alle pagine in cui \u00e8 installato.<\/p>\n\n\n\n<p><strong>Pulsante Mi Piace e widget sociali di Facebook (Facebook, Inc.)<\/strong><br>\nIl pulsante \u201cMi Piace\u201d e i widget sociali di Facebook sono servizi di \ninterazione con il social network Facebook, forniti da Facebook, Inc.<br>\nDati Personali raccolti: Cookie e Dati di utilizzo.<br>\nLuogo del trattamento: USA \u2013 Privacy Policy (<a href=\"https:\/\/www.facebook.com\/privacy\/explanation\">https:\/\/www.facebook.com\/privacy\/explanation<\/a>)<\/p>\n\n\n\n<p><strong>PROTEIONE DALO SPAM<\/strong><br>Questo tipo di servizi analizza il traffico di questo Sito Web,  potenzialmente contenente Dati Personali degli Utenti, al fine di  filtrarlo da parti di traffico, messaggi e contenuti riconosciuti come  SPAM. A questo scopo utilizziamo Akismet (Automattic Inc.).<br> Akismet \u00e8 un servizio di protezione dallo SPAM fornito da Automattic Inc.<br> Dati Personali raccolti: varie tipologie di Dati secondo quanto specificato dalla privacy policy del servizio.<br> Luogo del trattamento: USA \u2013 Privacy Policy (<a href=\"https:\/\/automattic.com\/privacy\/\">https:\/\/automattic.com\/privacy\/<\/a>)<\/p>\n\n\n\n<div style=\"height:40px\" aria-hidden=\"true\" class=\"wp-block-spacer\"><\/div>\n\n\n\n<h3 class=\"wp-block-heading\">Perch\u00e8 raccogliamo i dati<\/h3>\n\n\n\n<p>Trattiamo i tuoi dati personali per queste finalit\u00e0:<\/p>\n\n\n\n<ul class=\"wp-block-list\"><li>finalit\u00e0 inerenti l\u2019esecuzione di un contratto di cui sei parte o \nall\u2019esecuzione di misure precontrattuali adottate su tua richiesta (es: \nrichiesta di contatto tramite il modulo Contatti, registrazione alla \nnewsletter ecc.);<br>\nIn questo caso la base giuridica che giustifica il trattamento \u00e8 \nl\u2019erogazione di un servizio o il riscontro ad una tua richiesta.<\/li><li>finalit\u00e0 di ricerche\/analisi statistiche su dati aggregati o \nanonimi, senza possibilit\u00e0 di identificare l\u2019utente, per misurare il \nfunzionamento del sito, misurare il traffico e valutare usabilit\u00e0 e \ninteresse;<\/li><li>finalit\u00e0 relative all\u2019adempimento di un obbligo legale a cui sono soggetto;<\/li><li>finalit\u00e0 necessarie ad accertare, esercitare o difendere un diritto \nin sede giudiziaria o legate al caso in cui le autorit\u00e0 giurisdizionali \nesercitino le loro funzioni. In questi ultimi due casi, il trattamento \ndei dati \u00e8 necessario per adempiere ad un obbligo di legge.<br>\nPuoi decidere di non fornire i tuoi dati personali; in questo caso per\u00f2 \npotrebbe essere impossibile riscontrare una tua richiesta o adempiere ad\n un obbligo legale cui sono soggetto.<\/li><\/ul>\n\n\n\n<div style=\"height:40px\" aria-hidden=\"true\" class=\"wp-block-spacer\"><\/div>\n\n\n\n<h3 class=\"wp-block-heading\">Per quanto tempo conserviamo i tuoi dati<\/h3>\n\n\n\n<p>Trattereremo i tuoi dati personali per il tempo strettamente necessario a raggiungere gli scopi indicati sopra.<br> Quando il trattamento \u00e8 basato sul consenso dell\u2019Utente, il Titolare pu\u00f2  conservare i Dati Personali pi\u00f9 a lungo sino a quando detto consenso  non venga revocato. Inoltre il Titolare potrebbe essere obbligato a  conservare i Dati Personali per un periodo pi\u00f9 lungo in ottemperanza ad  un obbligo di legge o per ordine di un\u2019autorit\u00e0.<\/p>\n\n\n\n<div style=\"height:40px\" aria-hidden=\"true\" class=\"wp-block-spacer\"><\/div>\n\n\n\n<h3 class=\"wp-block-heading\">Quali diritti hai sui tuoi dati<\/h3>\n\n\n\n<p>L\u2019Utente ha il diritto di:<\/p>\n\n\n\n<ul class=\"wp-block-list\"><li><strong>revocare il consenso in ogni momento<\/strong>. L\u2019Utente pu\u00f2 revocare il consenso al trattamento dei propri Dati Personali precedentemente espresso.<\/li><li><strong>opporsi al trattamento dei propri Dati<\/strong>. L\u2019Utente pu\u00f2 opporsi al trattamento dei propri Dati quando esso avviene su una base giuridica diversa dal consenso.<\/li><li><strong>accedere ai propri Dati<\/strong>. L\u2019Utente ha diritto ad  ottenere informazioni sui Dati trattati dal Titolare, su determinati  aspetti del trattamento ed a ricevere una copia dei Dati trattati.<\/li><li><strong>verificare e chiedere la rettifica<\/strong>. L\u2019Utente pu\u00f2 verificare la correttezza dei propri Dati e richiederne l\u2019aggiornamento o la correzione.<\/li><li><strong>ottenere la limitazione del trattamento<\/strong>. Quando  ricorrono determinate condizioni, l\u2019Utente pu\u00f2 richiedere la limitazione  del trattamento dei propri Dati. In tal caso il Titolare non tratter\u00e0 i  Dati per alcun altro scopo se non la loro conservazione.<\/li><li><strong>ottenere la cancellazione o rimozione dei propri Dati Personali<\/strong>. Quando ricorrono determinate condizioni, l\u2019Utente pu\u00f2 richiedere la cancellazione dei propri Dati da parte del Titolare.<\/li><li><strong>ricevere i propri Dati o farli trasferire ad altro titolare<\/strong>.  L\u2019Utente ha diritto di ricevere i propri Dati in formato strutturato,  di uso comune e leggibile da dispositivo automatico e, ove tecnicamente  fattibile, di ottenerne il trasferimento senza ostacoli a un altro  titolare. Questa disposizione \u00e8 applicabile quando i Dati sono trattati  con strumenti automatizzati ed il trattamento \u00e8 basato sul consenso  dell\u2019Utente, su un contratto di cui l\u2019Utente \u00e8 parte o su misure  contrattuali ad esso connesse.<\/li><li><strong>proporre reclamo<\/strong>. L\u2019Utente pu\u00f2 proporre un reclamo  all\u2019autorit\u00e0 di controllo della protezione dei dati personali competente  o agire in sede giudiziale.<\/li><\/ul>\n\n\n\n<div style=\"height:40px\" aria-hidden=\"true\" class=\"wp-block-spacer\"><\/div>\n\n\n\n<h3 class=\"wp-block-heading\">Come proteggiamo i tuoi dati<\/h3>\n\n\n\n<p>I dati vengono raccolti e conservati tramite strumenti informatici.  Adottiamo tutte le misure di sicurezza per impedire l\u2019accesso, la  divulgazione, la modifica o la distruzione non autorizzate dei Dati  Personali.<br> Oltre al Titolare, in alcuni casi, potrebbero avere accesso ai Dati  altri soggetti coinvolti nell\u2019organizzazione di questo Sito Web  (personale amministrativo, commerciale, marketing, legali,  amministratori di sistema) ovvero soggetti esterni (come fornitori di  servizi tecnici terzi, corrieri postali, hosting provider, societ\u00e0  informatiche, agenzie di comunicazione). L\u2019elenco aggiornato dei  Responsabili potr\u00e0 sempre essere richiesto al Titolare del Trattamento.<\/p>\n","protected":false},"excerpt":{"rendered":"<p>Questa informativa \u00e8 resa ai sensi del D. lgs. 196\/2003 (\u201cCodice Privacy\u201d) e del Regolamento UE 679\/2016 (\u201cGDPR\u201d) e si applica esclusivamente ai dati raccolti attraverso il sito www.villaviel.it Chi siamo L\u2019indirizzo del nostro sito web \u00e8: www.villaviel.it TITOLARE DEL TRATTAMENTOIl titolare del trattamento \u00e8 la persona fisica, l\u2019autorit\u00e0 pubblica, l\u2019impresa, l\u2019ente pubblico o privato, [&hellip;]<\/p>\n","protected":false},"author":1,"featured_media":0,"parent":0,"menu_order":20,"comment_status":"closed","ping_status":"closed","template":"","meta":{"_acf_changed":false,"footnotes":""},"home_visibility":[],"class_list":["post-786","page","type-page","status-publish","hentry"],"acf":[],"_links":{"self":[{"href":"https:\/\/www.villaviel.it\/de\/wp-json\/wp\/v2\/pages\/786","targetHints":{"allow":["GET"]}}],"collection":[{"href":"https:\/\/www.villaviel.it\/de\/wp-json\/wp\/v2\/pages"}],"about":[{"href":"https:\/\/www.villaviel.it\/de\/wp-json\/wp\/v2\/types\/page"}],"author":[{"embeddable":true,"href":"https:\/\/www.villaviel.it\/de\/wp-json\/wp\/v2\/users\/1"}],"replies":[{"embeddable":true,"href":"https:\/\/www.villaviel.it\/de\/wp-json\/wp\/v2\/comments?post=786"}],"version-history":[{"count":1,"href":"https:\/\/www.villaviel.it\/de\/wp-json\/wp\/v2\/pages\/786\/revisions"}],"predecessor-version":[{"id":787,"href":"https:\/\/www.villaviel.it\/de\/wp-json\/wp\/v2\/pages\/786\/revisions\/787"}],"wp:attachment":[{"href":"https:\/\/www.villaviel.it\/de\/wp-json\/wp\/v2\/media?parent=786"}],"wp:term":[{"taxonomy":"home_visibility","embeddable":true,"href":"https:\/\/www.villaviel.it\/de\/wp-json\/wp\/v2\/home_visibility?post=786"}],"curies":[{"name":"wp","href":"https:\/\/api.w.org\/{rel}","templated":true}]}}

<p>Questa informativa è resa ai sensi del D. lgs. 196/2003 (“Codice Privacy”) e del Regolamento UE 679/2016 (“GDPR”) e si applica esclusivamente ai dati raccolti attraverso il sito www.villaviel.it</p>



<div style="height:40px" aria-hidden="true" class="wp-block-spacer"></div>



<h3 class="wp-block-heading">Chi siamo</h3>



<p>L’indirizzo del nostro sito web è: www.villaviel.it</p>



<p><strong>TITOLARE DEL TRATTAMENTO</strong><br>Il titolare del trattamento è la persona fisica, l’autorità pubblica,  l’impresa, l’ente pubblico o privato, l’associazione, o altro  organismo, che prende le decisioni sugli scopi e sulle modalità del  trattamento dei dati personali.<br> Il Titolare del Trattamento è: ??.</p>



<p><strong>CONTATTARE IL TITOLARE DEL TRATTAMENTO</strong><br>Per qualsiasi informazione o comunicazione riguardante i tuoi dati puoi scrivere a: <a href="mailto:info@villaviel.it">info@villaviel.it</a></p>



<div style="height:40px" aria-hidden="true" class="wp-block-spacer"></div>



<h3 class="wp-block-heading">Quali dati personali raccogliamo</h3>



<p><strong>MODULO DI CONTATTO</strong><br>Quando compili un modulo di contatto in questo sito, acconsenti  all’utilizzo dei tuoi dati per rispondere alle richieste di  informazioni, di preventivo, o di qualunque altra natura indicata  dall’intestazione del modulo.<br> Se rifiuti di comunicarli, potrebbe essere impossibile per questo sito  web fornire il Servizio. Nei casi in cui questo alcuni dati sono  indicati come facoltativi, sei libero di astenerti dal comunicare tali  dati, senza che ciò abbia alcuna conseguenza sulla disponibilità del  servizio o sulla sua operatività.</p>



<p><strong>DATI DI NAVIGAZIONE – COOKIE</strong><br>Quando navighi in internet il dispositivo che utilizzi trasmette una  serie di dati identificativi indispensabili per utilizzare internet.  Questi dati sono utilizzati al solo fine di ricavare informazioni  statistiche anonime sull’uso del sito, per il miglioramento del servizio  e per controllarne il corretto funzionamento e vengono cancellati  subito dopo l’elaborazione. In questa categoria di dati rientrano gli  indirizzi IP o i nomi a dominio dei computer utilizzati dagli utenti che  si connettono al sito, i browser e i parametri del sistema informatico  utilizzato per connettersi al sito.<br> Scopri di più nella pagina dedicata ai Cookie.</p>



<p><strong>STATISTICHE SULLE VISITE</strong><br>Per scopi statistici questo sito web si avvale di Google Analytics.<br> Google Analytics è un servizio di analisi web fornito da Google Inc.  (“Google”). Google utilizza i dati personali, raccolti in forma anonima  su questo sito, allo scopo di tracciare l’utilizzo di questo Sito Web,  compilare report e condividerli con gli altri servizi sviluppati da  Google.<br> Google potrebbe utilizzare i Dati Personali, raccolti in modo anonima su  questo sito, per contestualizzare e personalizzare gli annunci del  proprio network pubblicitario.<br> Dati Personali raccolti: Cookie e Dati di utilizzo.<br> Luogo del trattamento: USA – Privacy Policy (<a href="https://policies.google.com/privacy?hl=it">https://policies.google.com/privacy?hl=it</a>)</p>



<p><strong>SOCIAL NETWORK</strong><br>Questo tipo di servizi permette di effettuare interazioni con i  social network, o con altre piattaforme esterne, direttamente dalle  pagine di questo Sito Web. Le interazioni e le informazioni acquisite da  questo Sito Web sono in ogni caso soggette alle impostazioni privacy  dell’Utente relative ad ogni social network. Nel caso in cui sia  installato un servizio di interazione con i social network, è possibile  che, anche nel caso gli Utenti non utilizzino il servizio, lo stesso  raccolga dati di traffico relativi alle pagine in cui è installato.</p>



<p><strong>Pulsante Mi Piace e widget sociali di Facebook (Facebook, Inc.)</strong><br>
Il pulsante “Mi Piace” e i widget sociali di Facebook sono servizi di 
interazione con il social network Facebook, forniti da Facebook, Inc.<br>
Dati Personali raccolti: Cookie e Dati di utilizzo.<br>
Luogo del trattamento: USA – Privacy Policy (<a href="https://www.facebook.com/privacy/explanation">https://www.facebook.com/privacy/explanation</a>)</p>



<p><strong>PROTEIONE DALO SPAM</strong><br>Questo tipo di servizi analizza il traffico di questo Sito Web,  potenzialmente contenente Dati Personali degli Utenti, al fine di  filtrarlo da parti di traffico, messaggi e contenuti riconosciuti come  SPAM. A questo scopo utilizziamo Akismet (Automattic Inc.).<br> Akismet è un servizio di protezione dallo SPAM fornito da Automattic Inc.<br> Dati Personali raccolti: varie tipologie di Dati secondo quanto specificato dalla privacy policy del servizio.<br> Luogo del trattamento: USA – Privacy Policy (<a href="https://automattic.com/privacy/">https://automattic.com/privacy/</a>)</p>



<div style="height:40px" aria-hidden="true" class="wp-block-spacer"></div>



<h3 class="wp-block-heading">Perchè raccogliamo i dati</h3>



<p>Trattiamo i tuoi dati personali per queste finalità:</p>



<ul class="wp-block-list"><li>finalità inerenti l’esecuzione di un contratto di cui sei parte o 
all’esecuzione di misure precontrattuali adottate su tua richiesta (es: 
richiesta di contatto tramite il modulo Contatti, registrazione alla 
newsletter ecc.);<br>
In questo caso la base giuridica che giustifica il trattamento è 
l’erogazione di un servizio o il riscontro ad una tua richiesta.</li><li>finalità di ricerche/analisi statistiche su dati aggregati o 
anonimi, senza possibilità di identificare l’utente, per misurare il 
funzionamento del sito, misurare il traffico e valutare usabilità e 
interesse;</li><li>finalità relative all’adempimento di un obbligo legale a cui sono soggetto;</li><li>finalità necessarie ad accertare, esercitare o difendere un diritto 
in sede giudiziaria o legate al caso in cui le autorità giurisdizionali 
esercitino le loro funzioni. In questi ultimi due casi, il trattamento 
dei dati è necessario per adempiere ad un obbligo di legge.<br>
Puoi decidere di non fornire i tuoi dati personali; in questo caso però 
potrebbe essere impossibile riscontrare una tua richiesta o adempiere ad
 un obbligo legale cui sono soggetto.</li></ul>



<div style="height:40px" aria-hidden="true" class="wp-block-spacer"></div>



<h3 class="wp-block-heading">Per quanto tempo conserviamo i tuoi dati</h3>



<p>Trattereremo i tuoi dati personali per il tempo strettamente necessario a raggiungere gli scopi indicati sopra.<br> Quando il trattamento è basato sul consenso dell’Utente, il Titolare può  conservare i Dati Personali più a lungo sino a quando detto consenso  non venga revocato. Inoltre il Titolare potrebbe essere obbligato a  conservare i Dati Personali per un periodo più lungo in ottemperanza ad  un obbligo di legge o per ordine di un’autorità.</p>



<div style="height:40px" aria-hidden="true" class="wp-block-spacer"></div>



<h3 class="wp-block-heading">Quali diritti hai sui tuoi dati</h3>



<p>L’Utente ha il diritto di:</p>



<ul class="wp-block-list"><li><strong>revocare il consenso in ogni momento</strong>. L’Utente può revocare il consenso al trattamento dei propri Dati Personali precedentemente espresso.</li><li><strong>opporsi al trattamento dei propri Dati</strong>. L’Utente può opporsi al trattamento dei propri Dati quando esso avviene su una base giuridica diversa dal consenso.</li><li><strong>accedere ai propri Dati</strong>. L’Utente ha diritto ad  ottenere informazioni sui Dati trattati dal Titolare, su determinati  aspetti del trattamento ed a ricevere una copia dei Dati trattati.</li><li><strong>verificare e chiedere la rettifica</strong>. L’Utente può verificare la correttezza dei propri Dati e richiederne l’aggiornamento o la correzione.</li><li><strong>ottenere la limitazione del trattamento</strong>. Quando  ricorrono determinate condizioni, l’Utente può richiedere la limitazione  del trattamento dei propri Dati. In tal caso il Titolare non tratterà i  Dati per alcun altro scopo se non la loro conservazione.</li><li><strong>ottenere la cancellazione o rimozione dei propri Dati Personali</strong>. Quando ricorrono determinate condizioni, l’Utente può richiedere la cancellazione dei propri Dati da parte del Titolare.</li><li><strong>ricevere i propri Dati o farli trasferire ad altro titolare</strong>.  L’Utente ha diritto di ricevere i propri Dati in formato strutturato,  di uso comune e leggibile da dispositivo automatico e, ove tecnicamente  fattibile, di ottenerne il trasferimento senza ostacoli a un altro  titolare. Questa disposizione è applicabile quando i Dati sono trattati  con strumenti automatizzati ed il trattamento è basato sul consenso  dell’Utente, su un contratto di cui l’Utente è parte o su misure  contrattuali ad esso connesse.</li><li><strong>proporre reclamo</strong>. L’Utente può proporre un reclamo  all’autorità di controllo della protezione dei dati personali competente  o agire in sede giudiziale.</li></ul>



<div style="height:40px" aria-hidden="true" class="wp-block-spacer"></div>



<h3 class="wp-block-heading">Come proteggiamo i tuoi dati</h3>



<p>I dati vengono raccolti e conservati tramite strumenti informatici.  Adottiamo tutte le misure di sicurezza per impedire l’accesso, la  divulgazione, la modifica o la distruzione non autorizzate dei Dati  Personali.<br> Oltre al Titolare, in alcuni casi, potrebbero avere accesso ai Dati  altri soggetti coinvolti nell’organizzazione di questo Sito Web  (personale amministrativo, commerciale, marketing, legali,  amministratori di sistema) ovvero soggetti esterni (come fornitori di  servizi tecnici terzi, corrieri postali, hosting provider, società  informatiche, agenzie di comunicazione). L’elenco aggiornato dei  Responsabili potrà sempre essere richiesto al Titolare del Trattamento.</p>

<p>Questa informativa è resa ai sensi del D. lgs. 196/2003 (“Codice Privacy”) e del Regolamento UE 679/2016 (“GDPR”) e si applica esclusivamente ai dati raccolti attraverso il sito www.villaviel.it Chi siamo L’indirizzo del nostro sito web è: www.villaviel.it TITOLARE DEL TRATTAMENTOIl titolare del trattamento è la persona fisica, l’autorità pubblica, l’impresa, l’ente pubblico o privato, [&hellip;]</p>
