{"id":712,"date":"2020-04-20T08:30:01","date_gmt":"2020-04-20T08:30:01","guid":{"rendered":"http:\/\/villa-viel.local\/?page_id=712"},"modified":"2020-04-20T08:30:02","modified_gmt":"2020-04-20T08:30:02","slug":"familie-viel","status":"publish","type":"page","link":"https:\/\/www.villaviel.it\/de\/mettiti-comodo-sei-in-vacanza\/familie-viel\/","title":{"rendered":"Familie Viel"},"content":{"rendered":"\n<div class=\"wp-block-columns is-layout-flex wp-container-core-columns-is-layout-9d6595d7 wp-block-columns-is-layout-flex\">\n<div class=\"wp-block-column is-layout-flow wp-block-column-is-layout-flow\" style=\"flex-basis:66.66%\">\n<p><strong>\u00dcber uns<\/strong><\/p>\n\n\n\n<p>Unser Vermietungsgesch\u00e4ft wird seit drei \u200b\u200bGenerationen vollst\u00e4ndig von unserer Familie gef\u00fchrt.<\/p>\n\n\n\n<p>Claudio, Maria Rosa, Diego und Nicola warten auf Sie, damit Sie einen erholsamen und stressfreien Urlaub verbringen k\u00f6nnen.<\/p>\n\n\n\n<p>Wir sind als Vermieter pers\u00f6nlich anwesend, um Ihnen ein besseres Service anbieten zu k\u00f6nnen, auf Ihre Anfragen zu h\u00f6ren und Ihnen hilfreiche und zeitnahe Antworten zu geben.<\/p>\n\n\n\n<p>Wir wissen, dass Menschen im Urlaub gerne authentische Erfahrungen machen, die Besonderheiten eines Ortes entdecken und neue Leute kennenlernen m\u00f6chten.<\/p>\n\n\n\n<p>Wir leben seit immer in Bibione und kennen daher die verborgenen Sch\u00f6nheiten unseres Gebietes gut und k\u00f6nnen Ihnen mit Sicherheit einen ungew\u00f6hnlichen Ausflug, einen versteckten Strand oder das Restaurant empfehlen, das zu Ihnen passt.<\/p>\n\n\n\n<p><strong>Unsere Geschichte<\/strong><\/p>\n\n\n\n<p>Villa Viel wurde in den 1960er Jahren in Bibione mit dem Ziel gegr\u00fcndet, den ersten Touristen des Resorts eine gem\u00fctliche und g\u00fcnstige L\u00f6sung zu bieten, ihren Urlaub am Meer an einem der Str\u00e4nde zu verbringen, die sich langsam in der nationalen Tourismus-Szene abzeichneten. Von Anfang an war klar, dass die famili\u00e4re Beziehung zu unseren G\u00e4sten die Priorit\u00e4t unserer T\u00e4tigkeit als Vermieter war, die immer pers\u00f6nlich anwesend waren. Im Laufe der Jahre hat sich Bibione zu einem der ber\u00fchmtesten Str\u00e4nde Italiens entwickelt und Touristen aus ganz Europa angezogen. Und so haben sich auch unsere Vermietert\u00e4tigkeit und unsere Einrichtungen der Bed\u00fcrfnisse des Tourismus und der Bed\u00fcrfnisse unserer G\u00e4ste zufolge bis heute entwickelt, wobei der uns am meisten gesch\u00e4tzte Aspekt, n\u00e4mlich Gastfreundschaft und direkte, famili\u00e4re Beziehung zu den G\u00e4sten, beibehalten wurde. Die Jahre vergehen, aber wir versuchen immer, uns zu verbessern und alle Mitglieder unserer Familie in unsere geliebte T\u00e4tigkeit einzubeziehen.<\/p>\n<\/div>\n\n\n\n<div class=\"wp-block-column is-layout-flow wp-block-column-is-layout-flow\" style=\"flex-basis:33.33%\"><div id=\"metaslider-id-453\" style=\"width: 100%;\" class=\"ml-slider-3-102-0 metaslider metaslider-flex metaslider-453 ml-slider family-image ms-theme-default nav-hidden\" role=\"region\" aria-label=\"vintage slide\" data-height=\"450\" data-width=\"300\">\n    <div id=\"metaslider_container_453\">\n        <div id=\"metaslider_453\">\n            <ul class='slides'>\n                <li style=\"display: block; width: 100%;\" class=\"slide-454 ms-image \" aria-roledescription=\"slide\" data-date=\"2020-03-06 11:35:57\" data-slide-type=\"image\"><img loading=\"lazy\" decoding=\"async\" src=\"https:\/\/www.villaviel.it\/wp-content\/uploads\/2020\/03\/Viel-Vintage-03-300x450.jpg\" height=\"450\" width=\"300\" alt=\"foto storica di villa viel negli anni 70\" class=\"slider-453 slide-454 msDefaultImage\" title=\"Viel-Vintage-03\" \/><\/li>\n                <li style=\"display: none; width: 100%;\" class=\"slide-455 ms-image \" aria-roledescription=\"slide\" data-date=\"2020-03-06 11:36:03\" data-slide-type=\"image\"><img loading=\"lazy\" decoding=\"async\" src=\"https:\/\/www.villaviel.it\/wp-content\/uploads\/2020\/03\/Viel-Vintage-01-300x450.jpg\" height=\"450\" width=\"300\" alt=\"foto storica di villa viel in bianco e nero\" class=\"slider-453 slide-455 msDefaultImage\" title=\"Viel-Vintage-01\" \/><\/li>\n                <li style=\"display: none; width: 100%;\" class=\"slide-456 ms-image \" aria-roledescription=\"slide\" data-date=\"2020-03-06 11:36:08\" data-slide-type=\"image\"><img loading=\"lazy\" decoding=\"async\" src=\"https:\/\/www.villaviel.it\/wp-content\/uploads\/2020\/03\/Viel-Vintage-02-300x450.jpg\" height=\"450\" width=\"300\" alt=\"foto storica di villa viel esterno\" class=\"slider-453 slide-456 msDefaultImage\" title=\"Viel-Vintage-02\" \/><\/li>\n            <\/ul>\n        <\/div>\n        \n    <\/div>\n<\/div>\n<\/div>\n<\/div>\n","protected":false},"excerpt":{"rendered":"<p>Wir sind eine Familie und daher wissen wir, was Sie brauchen, um sich im Urlaub wohl und entspannt zu f\u00fchlen.<\/p>\n","protected":false},"author":1,"featured_media":0,"parent":679,"menu_order":2,"comment_status":"closed","ping_status":"closed","template":"","meta":{"_acf_changed":false,"footnotes":""},"home_visibility":[35],"class_list":["post-712","page","type-page","status-publish","hentry","home_visibility-family-de"],"acf":[],"_links":{"self":[{"href":"https:\/\/www.villaviel.it\/de\/wp-json\/wp\/v2\/pages\/712","targetHints":{"allow":["GET"]}}],"collection":[{"href":"https:\/\/www.villaviel.it\/de\/wp-json\/wp\/v2\/pages"}],"about":[{"href":"https:\/\/www.villaviel.it\/de\/wp-json\/wp\/v2\/types\/page"}],"author":[{"embeddable":true,"href":"https:\/\/www.villaviel.it\/de\/wp-json\/wp\/v2\/users\/1"}],"replies":[{"embeddable":true,"href":"https:\/\/www.villaviel.it\/de\/wp-json\/wp\/v2\/comments?post=712"}],"version-history":[{"count":1,"href":"https:\/\/www.villaviel.it\/de\/wp-json\/wp\/v2\/pages\/712\/revisions"}],"predecessor-version":[{"id":713,"href":"https:\/\/www.villaviel.it\/de\/wp-json\/wp\/v2\/pages\/712\/revisions\/713"}],"up":[{"embeddable":true,"href":"https:\/\/www.villaviel.it\/de\/wp-json\/wp\/v2\/pages\/679"}],"wp:attachment":[{"href":"https:\/\/www.villaviel.it\/de\/wp-json\/wp\/v2\/media?parent=712"}],"wp:term":[{"taxonomy":"home_visibility","embeddable":true,"href":"https:\/\/www.villaviel.it\/de\/wp-json\/wp\/v2\/home_visibility?post=712"}],"curies":[{"name":"wp","href":"https:\/\/api.w.org\/{rel}","templated":true}]}}

<div class="wp-block-columns is-layout-flex wp-container-core-columns-is-layout-9d6595d7 wp-block-columns-is-layout-flex">
<div class="wp-block-column is-layout-flow wp-block-column-is-layout-flow" style="flex-basis:66.66%">
<p><strong>Über uns</strong></p>



<p>Unser Vermietungsgeschäft wird seit drei ​​Generationen vollständig von unserer Familie geführt.</p>



<p>Claudio, Maria Rosa, Diego und Nicola warten auf Sie, damit Sie einen erholsamen und stressfreien Urlaub verbringen können.</p>



<p>Wir sind als Vermieter persönlich anwesend, um Ihnen ein besseres Service anbieten zu können, auf Ihre Anfragen zu hören und Ihnen hilfreiche und zeitnahe Antworten zu geben.</p>



<p>Wir wissen, dass Menschen im Urlaub gerne authentische Erfahrungen machen, die Besonderheiten eines Ortes entdecken und neue Leute kennenlernen möchten.</p>



<p>Wir leben seit immer in Bibione und kennen daher die verborgenen Schönheiten unseres Gebietes gut und können Ihnen mit Sicherheit einen ungewöhnlichen Ausflug, einen versteckten Strand oder das Restaurant empfehlen, das zu Ihnen passt.</p>



<p><strong>Unsere Geschichte</strong></p>



<p>Villa Viel wurde in den 1960er Jahren in Bibione mit dem Ziel gegründet, den ersten Touristen des Resorts eine gemütliche und günstige Lösung zu bieten, ihren Urlaub am Meer an einem der Strände zu verbringen, die sich langsam in der nationalen Tourismus-Szene abzeichneten. Von Anfang an war klar, dass die familiäre Beziehung zu unseren Gästen die Priorität unserer Tätigkeit als Vermieter war, die immer persönlich anwesend waren. Im Laufe der Jahre hat sich Bibione zu einem der berühmtesten Strände Italiens entwickelt und Touristen aus ganz Europa angezogen. Und so haben sich auch unsere Vermietertätigkeit und unsere Einrichtungen der Bedürfnisse des Tourismus und der Bedürfnisse unserer Gäste zufolge bis heute entwickelt, wobei der uns am meisten geschätzte Aspekt, nämlich Gastfreundschaft und direkte, familiäre Beziehung zu den Gästen, beibehalten wurde. Die Jahre vergehen, aber wir versuchen immer, uns zu verbessern und alle Mitglieder unserer Familie in unsere geliebte Tätigkeit einzubeziehen.</p>
</div>



<div class="wp-block-column is-layout-flow wp-block-column-is-layout-flow" style="flex-basis:33.33%"><div id="metaslider-id-453" style="width: 100%;" class="ml-slider-3-102-0 metaslider metaslider-flex metaslider-453 ml-slider family-image ms-theme-default nav-hidden" role="region" aria-label="vintage slide" data-height="450" data-width="300">
    <div id="metaslider_container_453">
        <div id="metaslider_453">
            <ul class='slides'>
                <li style="display: block; width: 100%;" class="slide-454 ms-image " aria-roledescription="slide" data-date="2020-03-06 11:35:57" data-slide-type="image"><img loading="lazy" decoding="async" src="https://www.villaviel.it/wp-content/uploads/2020/03/Viel-Vintage-03-300x450.jpg" height="450" width="300" alt="foto storica di villa viel negli anni 70" class="slider-453 slide-454 msDefaultImage" title="Viel-Vintage-03" /></li>
                <li style="display: none; width: 100%;" class="slide-455 ms-image " aria-roledescription="slide" data-date="2020-03-06 11:36:03" data-slide-type="image"><img loading="lazy" decoding="async" src="https://www.villaviel.it/wp-content/uploads/2020/03/Viel-Vintage-01-300x450.jpg" height="450" width="300" alt="foto storica di villa viel in bianco e nero" class="slider-453 slide-455 msDefaultImage" title="Viel-Vintage-01" /></li>
                <li style="display: none; width: 100%;" class="slide-456 ms-image " aria-roledescription="slide" data-date="2020-03-06 11:36:08" data-slide-type="image"><img loading="lazy" decoding="async" src="https://www.villaviel.it/wp-content/uploads/2020/03/Viel-Vintage-02-300x450.jpg" height="450" width="300" alt="foto storica di villa viel esterno" class="slider-453 slide-456 msDefaultImage" title="Viel-Vintage-02" /></li>
            </ul>
        </div>
        
    </div>
</div>
</div>
</div>

<p>Wir sind eine Familie und daher wissen wir, was Sie brauchen, um sich im Urlaub wohl und entspannt zu fühlen.</p>
